.
18
What is the highest common factor of 60 and 210?
30
What is the greatest common divisor of 23246 and 236?
118
What is the highest common divisor of 59 and 2773?
59
Calculate the greatest common factor of 755 and 15.
5
Calculate the highest common divisor of 88 and 682.
22
What is the greatest common factor of 220 and 100?
20
What is the greatest common divisor of 238 and 56?
14
What is the greatest common divisor of 1972 and 68?
68
Calculate the highest common factor of 45 and 600.
15
Calculate the highest common divisor of 147 and 21.
21
Calculate the highest common factor of 57 and 3933.
57
Calculate the greatest common factor of 16054 and 46.
46
Calculate the highest common factor of 13 and 1.
1
Calculate the greatest common factor of 216 and 19791.
27
Calculate the greatest common divisor of 481 and 1313.
13
Calculate the greatest common factor of 104 and 2353.
13
Calculate the highest common factor of 102 and 4284.
102
Calculate the greatest common divisor of 7544 and 123.
41
What is the highest common divisor of 50 and 7325?
25
Calculate the greatest common factor of 27 and 99.
9
What is the greatest common factor of 2184 and 416?
104
Calculate the greatest common divisor of 84 and 10360.
28
What is the highest common factor of 138 and 30912?
138
Calculate the greatest common factor of 33 and 165.
33
Calculate the highest common divisor of 1342 and 549.
61
What is the greatest common factor of 375 and 105?
15
Calculate the greatest common divisor of 154433 and 397.
397
What is the highest common divisor of 28 and 152?
4
Calculate the greatest common divisor of 33565 and 245.
245
Calculate the greatest common factor of 56 and 756.
28
Calculate the greatest common factor of 9179 and 274.
137
What is the highest common factor of 6560 and 30?
10
Calculate the greatest common factor of 189 and 216.
27
Calculate the greatest common factor of 42 and 966.
42
Calculate the greatest common factor of 36 and 192.
12
Calculate the highest common divisor of 105 and 1827.
21
What is the highest common divisor of 14024 and 32?
8
Calculate the highest common divisor of 25 and 50.
25
What is the highest common factor of 187 and 11?
11
Calculate the highest common divisor of 1310 and 10.
10
What is the highest common factor of 152 and 684?
76
Calculate the greatest common divisor of 37 and 1517.
37
Calculate the greatest common divisor of 486 and 6.
6
What is the highest common factor of 28 and 504?
28
What is the greatest common factor of 448 and 21?
7
What is the highest common divisor of 16 and 2032?
16
What is the highest common divisor of 78 and 442?
26
Calculate the highest common factor of 56 and 392.
56
What is the greatest common factor of 872 and 5559?
109
Calculate the greatest common divisor of 370 and 2516.
74
What is the greatest common factor of 42 and 112?
14
What is the greatest common divisor of 7545 and 15?
15
What is the greatest common divisor of 180 and 72?
36
What is the greatest common factor of 1 and 25?
1
Calculate the highest common factor of 4040 and 40.
40
What is the greatest common factor of 56 and 17668?
28
Calculate the highest common divisor of 26555 and 10.
5
What is the highest common factor of 450 and 400?
50
Calculate the greatest common divisor of 57 and 513.
57
Calculate the highest common factor of 434 and 14.
14
Calculate the greatest common divisor of 4 and 2722.
2
Calculate the highest common divisor of 64 and 48.
16
What is the highest common divisor of 648 and 369?
9
What is the highest common divisor of 110 and 4?
2
Calculate the highest common factor of 640 and 200.
40
What is the highest common factor of 522 and 6438?
174
Calculate the highest common factor of 77 and 2464.
77
Calculate the greatest common divisor of 3174 and 1104.
138
What is the greatest common divisor of 10586 and 474?
158
What is the greatest common factor of 3 and 393?
3
What is the greatest common factor of 18796 and 370?
74
Calculate the greatest common divisor of 24 and 30.
6
Calculate the greatest common divisor of 92 and 782.
46
What is the highest common divisor of 3349 and 17?
17
What is the greatest common divisor of 6716 and 92?
92
What is the greatest common divisor of 45 and 165?
15
What is the highest common divisor of 106335 and 139?
139
What is the highest common factor of 57 and 285?
57
Calculate the highest common divisor of 855 and 45.
45
Calculate the greatest common divisor of 20 and 1410.
10
Calculate the highest common factor of 48 and 2096.
16
Calculate the highest common factor of 308 and 170.
2
Calculate the highest common divisor of 20651 and 193.
193
What is the greatest common factor of 35 and 75?
5
What is the highest common divisor of 817 and 19?
19
Calculate the highest common factor of 1798 and 232.
58
What is the highest common divisor of 396 and 234?
18
Calculate the highest common divisor of 5568 and 1344.
192
What is the greatest common factor of 5 and 1?
1
What is the highest common factor of 66171 and 23?
23
Calculate the greatest common factor of 2300 and 40.
20
What is the highest common divisor of 145 and 464?
29
What is the greatest common factor of 455 and 11921?
91
Calculate the greatest common factor of 120 and 285.
15
Calculate the highest common factor of 552 and 48.
24
Calculate the greatest common factor of 116 and 7250.
58
Calculate the highest common divisor of 856 and 40.
8
What is the greatest common factor of 16 and 468?
4
What is the greatest common factor of 30 and 508?
2
Calculate the highest common divisor of 649 and 44.
11
What is the highest common divisor of 533 and 13?
13
What is the greatest common divisor of 18 and 896?
2
Calculate the highest common divisor of 23 and 161.
23
What is the greatest common factor of 50 and 5000?
50
Calculate the greatest common factor of 385 and 110.
55
Calculate the greatest common factor of 296 and 31672.
296
Calculate the highest common factor of 1795 and 2.
1
What is the greatest common divisor of 10 and 490?
10
What is the greatest common divisor of 4662 and 168?
42
What is the greatest common divisor of 176 and 396?
44
Calculate the greatest common factor of 1908 and 16.
4
Calculate the highest common factor of 212 and 901.
53
What is the highest common divisor of 111 and 2553?
111
Calculate the highest common divisor of 30 and 160.
10
Calculate the highest common divisor of 24 and 1680.
24
What is the greatest common divisor of 4200 and 56?
56
Calculate the greatest common factor of 18 and 5409.
9
What is the greatest common divisor of 288 and 8?
8
What is the highest common divisor of 31064 and 176?
88
Calculate the highest common factor of 680 and 50.
10
What is the greatest common factor of 3016 and 80?
8
What is the greatest common divisor of 9 and 837?
9
What is the greatest common divisor of 372 and 155?
31
What is the greatest common divisor of 525 and 1120?
35
Calculate the highest common factor of 738 and 90.
18
Calculate the highest common divisor of 162 and 15714.
162
Calculate the greatest common divisor of 440 and 2112.
88
Calculate the highest common factor of 561 and 891.
33
What is the highest common divisor of 120 and 15?
15
What is the highest common factor of 3562 and 2740?
274
What is the highest common divisor of 69 and 45?
3
What is the highest common divisor of 111 and 25789?
37
What is the greatest common divisor of 27 and 279?
9
Calculate the greatest common divisor of 2725 and 575.
25
Calculate the highest common divisor of 838 and 12.
2
Calculate the greatest common divisor of 219 and 8833.
73
What is the highest common factor of 61 and 793?
61
Calculate the greatest common factor of 5312 and 256.
64
Calculate the greatest common factor of 700 and 10900.
100
Calculate the highest common factor of 250 and 60.
10
Calculate the highest common factor of 7009 and 326.
163
What is the greatest common factor of 212 and 371?
53
Calculate the greatest common divisor of 66 and 1749.
33
What is the highest common divisor of 780 and 12?
12
What is the highest common divisor of 783 and 1189?
29
Calculate the highest common factor of 206 and 18.
2
Calculate the highest common divisor of 943 and 164.
41
Calculate the highest common factor of 192 and 144.
48
What is the greatest common factor of 6 and 42?
6
Calculate 